).
-8
Suppose 8*z = -85 + 581. Let o = z - 59. Let h(x) = -x**2 + 3*x + 4. What is h(o)?
4
Let a(y) = y**3 + 4*y**2 - 6*y - 4. Let p(j) = -2*j + 19. Let s be p(0). Suppose 20*u - s*u + 5 = 0. Calculate a(u).
1
Let z(n) = 6 + 7*n**2 - 2 + 7 - 15*n**2 + 6*n**2. Determine z(-3).
-7
Let b(p) = 4*p + 2. Let n(w) = -7*w - 3. Let h(o) = 5*b(o) + 3*n(o). Let s = -3 - 2. Let q be h(s). Let g(v) = -v**3 + 6*v**2 - 2*v + 6. What is g(q)?
-6
Let w = 316 + -316. Let q be 14/10 - (-4)/(-10). Let v = w - q. Let h(f) = 6*f. Give h(v).
-6
Let u(q) be the first derivative of q**4/4 - 4*q**3/3 - 2*q**2 - q + 10. Suppose 5*d - 5 = -0. Let o be 0/(-2) - d*-5. Give u(o).
4
Let b(g) = -g**3 - 5*g**2 + 12*g - 3. Let t be b(-7). Let l(k) = 5*k - 6. Let a = -8 + 2. Let f(s) = 9*s - 11. Let x(r) = a*f(r) + t*l(r). Give x(6).
6
Let q = -10 + 10. Let u(w) be the second derivative of -w**2 + 0 + 1/12*w**4 + 0*w**3 - 6*w. Give u(q).
-2
Let u(b) = 14*b**2 - 2*b - 2. Suppose -5*v = -13 + 3. Give u(v).
50
Suppose 0 = -0*v + v - 3. Suppose -v*u + 4*a + 23 = 0, -2*a - 11 = 4*u + a. Let k(z) = 1 - 2 - z**3 + 2*z**3 - 7*z**3. Calculate k(u).
-7
Let b = -27 - -7. Let h = 8 + b. Let n(f) = -f**3 - 12*f**2 - f - 16. Let r be n(h). Let c(i) = -i**2 - 5*i - 5. Calculate c(r).
-1
Suppose -16*y = 2*y - 108. Let l(v) be the third derivative of v**6/120 - 7*v**5/60 + 5*v**4/24 + v**3/2 + 4*v**2. Calculate l(y).
-3
Let s = 24 + -23. Let x(c) = 4 - 1 - s + c. Calculate x(-3).
-1
Let n(t) = t**2 + 6*t - 4. Suppose -32 = -2*g - 0*g. Let j = g + -20. Let b be -2*j/(-24)*9. Calculate n(b).
-13
Let u be (9/6)/((-1)/(-6)*3). Let l(g) = -6*g - 3*g + u*g - 17 + 18. Determine l(1).
-5
Let f(j) be the second derivative of -j**4/6 + j**3 + 5*j**2/2 - 24*j + 9. Give f(6).
-31
Let f(m) = -2*m + 3 - m**2 + 0*m + 0*m**2 + 0*m**2. Let n be f(2). Let a(l) = 6 - 31*l - 31*l + 66*l + l**2. Determine a(n).
11
Let r(k) = -k - 7. Let s(o) = -o - 8. Let g(c) = 5*r(c) - 4*s(c). Suppose 2*y = -3 - 1, 2*t + 5*y + 30 = 0. Give g(t).
7
Let g(c) = c + 1. Let y(j) = j**2 - 8*j + 1. Let h(t) = -5*g(t) - y(t). What is h(3)?
-6
Let q(g) = 2*g - 73*g**2 + 1 + 139*g**2 - 62*g**2. Let f(r) = -5*r**2 + 5 - 7*r - 3*r**3 + 2*r**3 + 2*r**3. Let x be f(6). What is q(x)?
3
Let d(i) = 5*i**2 + 1. Let v be d(-1). Let a(c) = 11 - 3 + c**2 - 323179*c + 323172*c. Calculate a(v).
2
Suppose -14 = 5*s + 71. Let k(x) = 6*x**2 + 15*x - 8. Let i(j) = 2*j**2 + 5*j - 3. Let c(h) = s*i(h) + 6*k(h). Let n = -10 + 7. Give c(n).
6
Let j(b) = b**2 - 4*b - 5. Let u(i) = 3*i**2 - 11*i - 15. Let h(k) = -8*j(k) + 3*u(k). Let d = -7 + 9. Suppose 0 = d*x + t, 3*x - t = -6*t. Calculate h(x).
-5
Let d be (-1 + -2)*8/(-3). Let n(t) be the first derivative of -t**4/4 + 8*t**3/3 - t**2/2 + 8*t + 5294. Calculate n(d).
0
Let q(l) = l**2 - 10*l - 46. Let m(i) = 2*i**2 - 21*i - 89. Let h(p) = -3*m(p) + 5*q(p). What is h(15)?
7
Let p(i) = 2*i - 23. Let g be p(13). Suppose 0 = 7*m - g*m + 8. Let f(w) = -3*w**2 - 2*w - 3. Determine f(m).
-11
Let q(z) = -4*z - 67. Let d(s) = 2*s + 40. Let r(x) = -5*d(x) - 3*q(x). Suppose -3*j + 5 + 4 = 0. Calculate r(j).
7
Let i(a) be the third derivative of -a**6/720 + a**5/120 - a**4/24 + 18*a**2. Let j(g) be the second derivative of i(g). Determine j(0).
1
Let t(w) be the second derivative of 1/6*w**3 + 0*w**2 + 0 - 15*w + 1/12*w**4. Calculate t(2).
6
Let s(x) = -x**2 - 6*x + 1. Suppose 4*k - 16 = 2*k + 2*b, k + 12 = -4*b. Determine s(k).
-39
Let d(u) = -2 - 2*u - u**3 + 3 + 4*u. Suppose -7*n - 12*n = 19. What is d(n)?
0
Let s(c) be the first derivative of -c**4/24 + 11*c**3/6 - 4*c**2 - 7. Let o(r) be the second derivative of s(r). Give o(5).
6
Let x(n) be the third derivative of n**8/20160 + n**7/840 - n**6/144 + 7*n**5/60 - 16*n**2. Let l(f) be the third derivative of x(f). What is l(-6)?
-5
Suppose 3*d - c - 19 = -6*c, 8 = 4*c. Suppose -5*o - 20 = 0, 8 = d*t - 2*o - 3. Let h(u) = -8 - t - u**2 + 5 - 7*u + u. Calculate h(-6).
-4
Let k(n) = -1 + 3*n**3 - 21*n**3 + n**2 + 5*n**3. Suppose -l = 5*w - 2*l + 8, 5*w + 2*l - 1 = 0. What is k(w)?
13
Let q be (6 + 2)/(2 - 0). Suppose 8*t = q*t. Let p(w) = t*w**2 - w**2 + 2*w**2 + 4*w + 6. What is p(-4)?
6
Let l(z) be the first derivative of -z**2 + 1 + 0*z - 1/3*z**3 + 1/24*z**4. Let b(c) be the second derivative of l(c). Give b(3).
1
Suppose -g = -2*a + 3*g - 12, 2*a + 10 = 2*g. Let n(k) be the third derivative of -k**5/60 - k**4/12 - k**3/6 + 3*k**2 + 11*k. Determine n(a).
-9
Let r = -36 - -38. Let w(y) = -12*y - 1 + 8*y + y + y**r. Let n be 1 + 1 - (1 + -2). Calculate w(n).
-1
Let c be (10 + -11)*(1 + 2) + 1. Let d(b) = -4*b. Determine d(c).
8
Let n(r) = 3*r - 1. Let p(m) = 6*m - 2*m - 8*m - 5*m + 3. Let v(s) = -11*n(s) - 4*p(s). Calculate v(1).
2
Let v(k) be the second derivative of -3*k**5/20 + 2*k**3/3 + 3*k**2/2 + 3*k - 2. Let u(z) = z**2 - 10*z + 14. Let w be u(8). Calculate v(w).
19
Suppose 5*h - 111 = -3*q, 3*h - 84 = -0*h + 4*q. Let r be (h/(-2))/(-3) - -2. Let v(g) = 2*g - 7. Calculate v(r).
5
Let c(h) = -h**3 - 3*h**2 + 2*h + 2. Let f = -13 + 23. Let j = f + -13. Let l(d) = d**3 + 3*d**2 - d - 3. Let p(a) = j*c(a) - 2*l(a). What is p(-4)?
0
Let u(f) = -f - 1. Let b(c) = c**3 - 9*c**2 + 22*c - 11. Let h be b(5). Determine u(h).
0
Let g(s) = -2*s**3 + 3*s**2 + s - 1. Let l be g(-1). Let m(t) = -t**l - 2 - 6*t**2 - 2*t - 1 - 1 - t**2. What is m(-7)?
10
Let h be (-80)/30 - ((-6)/9)/(-2). Suppose 3*y - 4*y - 1 = 0. Let n be 8*(h/12)/y. Let l(k) = -3*k**2 + 4*k - 2. Calculate l(n).
-6
Let t(u) = u**2 + 2*u - 5. Suppose -14 + 82 = -17*z. Give t(z).
3
Let k(s) = -9*s - 34. Let g(b) = 3*b + 13. Let t(u) = 8*g(u) + 3*k(u). Determine t(-6).
20
Suppose 0 = -3*w + 4*h - 9*h + 19, 2*w = -2*h + 6. Let l(d) = -2*d**3 - 3*d**2 - 2*d + 1. Calculate l(w).
9
Let d(k) = -k + 7. Suppose -50*l + 81 = -23*l. What is d(l)?
4
Let v(z) = 2*z + 2. Suppose 2*u + 3*k - 1 = 0, -38 = 3*u - 5*k + 8. Let b be (-2)/(-9) - 100/(-36). Let a = b + u. Calculate v(a).
-6
Let h(s) = 6*s**2 + 2*s + 1. Let y be (1/(-2) + -1)/((-6)/(-16)). Let l be y - (1 + -3 + -1). Determine h(l).
5
Let y(d) = -15*d - 111. Let z be y(-8). Let p(v) = v**2 - 10*v + 3. What is p(z)?
-6
Let r(o) = 9*o - 4*o - 9*o + 2 + 3*o + 0*o**3 + 2*o**2 + 2*o**3. Give r(-3).
-31
Let k(f) = -4*f**2 + 4 + 0 - 5 - 19 - 13*f + 3*f**2. What is k(-11)?
2
Let w(j) = -j**2 - 69*j - 431. Let r be w(-62). Let o(g) = -g**3 + 2*g**2 + 2. Determine o(r).
-7
Let l(m) = -m**2 - 7*m - 8. Suppose -22*h = -21*h + 12. Let o be (7/(-14))/((-1)/h). Calculate l(o).
-2
Suppose -2*b = 0, 9*i - 4*i = b + 45. Let d(f) = f + 8. Determine d(i).
17
Let w(l) = 25*l + l**2 - 1 - 8*l - 7*l. Determine w(-10).
-1
Let g(o) = -4 - 1358*o + 2729*o - 1366*o. Calculate g(2).
6
Let f(c) = c**2 - 4*c - 5. Let j be f(-2). Let a(y) = -5*y + 32. Let b be a(j). Let n(v) = -v**3 - 2*v**2 + 3*v + 4. Calculate n(b).
4
Let n be (-171)/(-38) - 2/4. Let r be 3 + 2/(-4)*2. Let c(s) = 6*s**2 - 3*s**2 - n + s**r - 3*s**2 + s. Calculate c(0).
-4
Let f(c) = -c**3 + 7*c**2 - 4*c - 7. Let d be (-12)/9*(-84)/(-8). Let u = -8 - d. What is f(u)?
5
Let j(a) = 3*a + 12 + 6 + 2*a**2 - 28 + 2*a**2 - 2*a**2. Give j(3).
17
Let x be 287/42 + ((-39)/(-18) - 2). Let j(d) = 2*d - x*d - 4 + 2 + 4*d. Let p be ((-8)/(-10))/(1/5). What is j(p)?
-6
Let d(t) = -10*t - 3 - 14*t - 7*t**2 + 22*t. Give d(-2).
-27
Let r(a) = a**3 - 7*a**2 - 10*a - 5. Let k(x) = -x**2 - 14*x + 400. Let l be k(14). Calculate r(l).
-21
Let g(i) = -3*i**2 + i. Let d(j) = 3*j**3 - 3*j**2 - 3*j - 2. Let o be d(-1). Let l(t) = -4*t - 21. Let s be l(o). Determine g(s).
-4
Suppose 2*p = -2*p + 12. Suppose -p*x + 14 = 4*x. Let n(f) = f**3 - f**2 + 1. Give n(x).
5
Let t(a) = 5*a**3 + 2*a + 1. Let n be 6*2/(-4)*-1. Suppose j + 4 = 3*o, -n*o - 2*o = -15. Suppose 0 = -11*v + 6*v - j. Give t(v).
-6
Let w(i) = 5*i**3 - 2*i**2. Let h(z) = -62*z - 374. Let f be h(-6). Give w(f).
-48
Let l(x) = x**2 - 6*x + 2. Let q = 19 - 15. Determine l(q).
-6
Let z(b) = -b + 10*b - 3*b - 5*b - 11. Let v be z(11). Let d(s) = -s**2 + s. Let w(c) = 4*c**2 - 6*c + 2. Let g(u) = 5*d(u) + w(u). Give g(v).
2
Let j be (-1)/(-3) - 8/6. Let x(i) = i. Let s(m) = -8*m. Let z be (5 + -6)/(1*-1). Let n(t) = z*s(t) + 6*x(t). Calculate n(j).
2
Let d(r) = 20*r + 78. Let m be d(-4). Let c(n) =